 a composite number?
False
Let p be ((-11)/(-2))/((-13)/10764). Let j = 6957 + p. Suppose 8*f - 2261 = j. Is f a prime number?
False
Let b = 4095 - 1151. Suppose n - 2*d = -2081, 2*n + 6*d + 4162 = 3*d. Let q = n + b. Is q a prime number?
True
Is (-1 + -1 + 4 + 0)*97234/4 a composite number?
True
Let a = -71 + 77. Suppose 7 = a*x - 35. Suppose 0 = -14*o + x*o + 175. Is o composite?
True
Suppose -5*w + b = -593700, 3*b + 356232 = -0*w + 3*w. Is w prime?
True
Let o(f) = f**3 + 19*f**2 + 27*f - 4. Suppose 0 = 20*g - 8*g - 504. Suppose 3*x - 3*r + 54 = 0, 2*r = 2*x - 2*r + g. Is o(x) composite?
False
Let s(z) = -538*z + 81. Let r be s(-4). Let i = r + 2904. Is i a prime number?
False
Is (-1323)/567*(2 - (-1445146)/(-14)) a composite number?
False
Let d(i) = i**3 + 34*i**2 + 41*i - 5. Let a(s) = -s**3 - 35*s**2 - 40*s + 5. Let k(y) = -3*a(y) - 4*d(y). Is k(-34) prime?
True
Suppose 8*u - 10 - 86 = 0. Suppose -2*h = 8, -5*m = -m + h + u. Is m/(1070/(-265) + 4) prime?
True
Suppose -5*f = -4*x + 112, 0*f + 5*f = -20. Let q = x - 90. Is ((-26)/1)/(2/q) - 2 prime?
False
Let l(q) = 26*q**2 - 14*q - 1. Let a(i) = -26*i**2 + 16*i + 1. Let m(d) = -3*a(d) - 2*l(d). Is m(-6) composite?
True
Let m = 188370 - 127951. Is m a composite number?
True
Suppose -2*s - 449 = 71. Let g = s - -529. Suppose 0 = 2*i - 5*y - g, 4*i + 5*y - 3*y = 574. Is i prime?
False
Suppose -96485937 = -80*s + 511903. Is s a composite number?
False
Let q(k) = -10 + 2714*k + 22*k**2 - 7 - 2693*k - k**3. Let z be q(20). Suppose -z = -5*u + 4502. Is u a composite number?
True
Let a be -3 - (4/(20/15) + -2). Is (-1 + 3)/8 - 1035/a composite?
True
Suppose 214901 = w + l, 0 = -17*w + 12*w + 5*l + 1074485. Is w a composite number?
True
Let s(d) = d**2 - 9*d + 24. Let p be s(5). Suppose -p*g = -8978 - 5450. Is g a composite number?
False
Let x(n) be the third derivative of -n**6/120 + n**5/3 + n**4/6 + 29*n**3/6 + 47*n**2. Suppose -8 = 2*j + 20. Is x(j) composite?
False
Let q(x) = -375*x**3 - x**2 - 4*x + 25. Let r(k) = -750*k**3 - k**2 - 9*k + 50. Let j(p) = -5*q(p) + 2*r(p). Is j(4) composite?
True
Let n = -139 - -98. Let h = -44 - n. Is (1/h)/((-1)/69) a composite number?
False
Let m(y) = y**3 + 6*y**2 + 2*y - 9. Let u be m(-5). Suppose -2*l + u*l - 24 = 0. Suppose -l*d + 5*d = -59. Is d composite?
False
Let u(c) = c + 6. Let i be u(-9). Let t be (-4 - -1)*586/i. Is ((-30)/(-4))/(3/t) a composite number?
True
Let k = 6515 - -4220. Suppose 11*r - 6*r - k = 0. Is r composite?
True
Let u be 11539/3 + (-1)/3. Suppose -1272 = 9*h - 1335. Suppose -k = -h*k + u. Is k a composite number?
False
Let w = -20636 + 41547. Is w a prime number?
False
Let g be (-1)/(-2) + (330/(-12))/5. Let p(b) = -493*b + 150. Is p(g) a composite number?
True
Suppose 0 = -2*p + 32678 + 132996. Is p a composite number?
False
Suppose 52 = 21*p - 32. Suppose 0 = -3*x - 24 + 12, -2*x = -p*o + 81300. Is o a composite number?
False
Is (-6311)/((3 - 1) + 950/(-470)) a prime number?
False
Suppose -3*t + 4*i + 671141 = 0, i + 289348 = t + 65635. Is t a prime number?
True
Let w = -11 + 12. Let u be w*8/(-2)*(-7 + -33). Suppose 2*m + u = 2*g, -2*g + 3*g = -2*m + 89. Is g a composite number?
False
Suppose -5*j - 2*k = 220, -4*k - 220 = 5*j - k. Let g = -37 - j. Suppose -2582 = -g*v + 2451. Is v a prime number?
True
Let p(i) = 4*i**2 + 22*i + 16. Let z be p(-9). Suppose -116 = -3*u + z. Let t = 120 - u. Is t a composite number?
True
Let d(t) = 2*t**3 + 16*t**2 + 23*t + 2. Let o be d(-11). Let b = 546 - o. Is b prime?
True
Let m be 31046/215 + (-4)/10. Is ((-614)/(-8))/(6*6/m) composite?
False
Let r = 513 - 152. Is r a prime number?
False
Suppose -1133354 = -2*q + 3*g, 3*q - 3*g - 742916 - 957115 = 0. Is q prime?
True
Let k = 411569 + -285432. Is k composite?
True
Suppose -4*k - 4246 = -3*y, 7066 = 2*y + 3*y + 4*k. Let h = 7367 - y. Is h a composite number?
False
Let r(s) be the third derivative of 7*s**5/3 + 5*s**4/24 + 7*s**3/6 - 44*s**2 - 2. Is r(-10) prime?
False
Let m = 171094 + -39255. Is m a prime number?
True
Suppose -4*n = f - 32, 5 - 29 = -3*n + f. Is ((-74696)/(-3))/n*9/3 a prime number?
True
Let a = -64776 - -196195. Is a a composite number?
True
Let r(p) = p**2 + 9*p. Let h be r(-9). Suppose h = -9*a + 14*a - 52805. Is a a prime number?
False
Let v(d) = 2689*d**2 - 6*d - 25. Is v(-4) prime?
False
Let b(p) be the first derivative of p**4/24 + 5*p**3/6 + 15*p**2/2 - 14. Let i(c) be the second derivative of b(c). Is i(4) a prime number?
False
Suppose -2*g = 0, d = 4*d + 3*g - 6. Suppose -20*r = -d*r - 82332. Is r a composite number?
True
Let f(i) = -133*i**3 + 555*i**3 - i + 166*i**3. Let x be 72/(-24) + (-8)/(-2). Is f(x) prime?
True
Suppose -52*r + 46*r = 0. Suppose r = 11*y - 13215 - 5771. Is y a composite number?
True
Let w(p) = -p**3 + 6*p - 4. Let r be w(-3). Suppose 3*q - 2*q = r*b + 374, -10 = -5*b. Suppose 0 = o + 5*g - q, 0 = 2*o - o + 2*g - 381. Is o composite?
False
Let d(z) = z**2 - 12*z + 40. Let p be 185/30 + (-5)/30. Let i be d(p). Is -74*i/16*-38 composite?
True
Let x(u) = -20*u**3 + 6*u**2 + 4*u + 1. Let h(t) = t**2 + 9*t + 1. Let s be h(-10). Let o = -15 + s. Is x(o) prime?
True
Suppose 33*w = 34*w - 4. Let q be (w - 1)*(0 - (-12404)/21). Let i = q + -763. Is i a composite number?
False
Let b(q) = q**3 + 55*q**2 + 43*q + 540. Is b(41) a composite number?
False
Let k(a) be the second derivative of a**5/20 - a**4/2 + 25*a**3/6 + 9*a**2/2 - 70*a - 2. Is k(13) a composite number?
True
Is ((-72)/(-34 + 10))/((-6)/(-153602)) a composite number?
False
Let q(s) = 9*s**3 - 21*s**2 - 13*s - 3. Let i be q(10). Suppose 6*c + i = -4771. Is (-1)/(-3 + (-5766)/c) composite?
False
Is ((-142387024)/(-91))/16 - 8/28 a composite number?
True
Let j be 39*6 + 0/7. Let a = -53 + j. Suppose 4*q - 207 = a. Is q a prime number?
True
Let s(x) = 183*x**3 - 3*x**2 + 9*x - 5. Let z be s(2). Let l(t) = -t**2 + 11*t - 6. Let r be l(8). Suppose 17*w + z = r*w. Is w prime?
False
Let i(o) = 232*o - 4. Let n be i(2). Suppose -835 = -h + 6*h. Let m = h + n. Is m composite?
False
Is 4/(-6) + (1 - 6 - (-789260)/30) a composite number?
True
Let i(p) = -3635*p - 3257. Is i(-72) a prime number?
False
Let k be (9/27)/((-26)/24 - -1). Let z(i) = -12*i**3 + 2*i**2 + 5*i - 18. Let m(x) = -11*x**3 + x**2 + 5*x - 17. Let c(t) = k*z(t) + 5*m(t). Is c(-6) prime?
True
Let s(o) = -305498*o + 11. Is s(-4) a prime number?
True
Suppose 3*s - z = 0, 3*s - 2*s - 7 = -2*z. Suppose -1 = -2*v - s. Suppose 0 = -v*b + 6*b - 84. Is b a composite number?
True
Let y(u) = -44*u**3 + 3*u**2 + 9*u + 6. Let x be y(-3). Let t = 3875 - x. Is t a prime number?
False
Let i(m) = 69*m**2 + 47*m - 173. Is i(23) a prime number?
True
Let a = 70 - 167. Let t = 117 + a. Suppose 0 = s + w - 996, 2*w = -2*w + t. Is s a prime number?
True
Let w(z) = -62*z + 258. Let i be w(49). Let q = i - -8595. Is q a prime number?
False
Suppose -2*z = 3*s + 9, 1 = -3*z + s + 4. Suppose 10*r - 5926 - 21784 = z. Is r prime?
False
Let i(g) = -g**3 - 19*g**2. Let z be i(-19). Suppose -5*x + 12010 + 8435 = z. Suppose 0 = 5*s - x - 1346. Is s a composite number?
False
Let v(w) = -w**3 + 88*w**2 + 315*w + 101. Is v(61) a composite number?
False
Let s(y) = -3*y - 22. Let u be s(-8). Suppose -11*f + u*f = -27. Is 10/5*((-75)/(-6) + f) prime?
True
Let m be (-9 + 5)/(2/(-3)). Is 5296/(-24)*m/(-4) composite?
False
Let m(f) = 58439*f + 3613. Is m(24) prime?
False
Let w = -114 - -114. Suppose w = 2*o + 8. Is o/(-3) + 2069/3 composite?
False
Suppose 0 = -f + 582 + 528. Let p = -8 - -8. Suppose -f = -6*j - p*j. Is j composite?
True
Let i = 301 - 299. Suppose n - i*h = 12290 + 20899, 0 = 4*n + h - 132765. Is n a prime number?
True
Suppose 6*q + 2996005 + 2872720 = 31*q. Is q prime?
True
Let g(a) = 125144*a**2 - 9*a + 9. Let v be g(1). Suppose -3*k + v = 33161. Is k composite?
False
Let l be ((-6)/(-9))/(5/90). Let t be -3 + (-1298 - l/3). Let u = 1919 + t. Is u a prime number?
False
Let i(v) = 12*v**3 - 45*v**2 + 5*v + 10. Let u be i(-5). Let d = -1537 - u. Is d prime?
True
Let s(v) = v**3 - 17*v**2 + 17*v - 16. Let a be s(16). Suppose 4*z = 24 - a. Let n(o) = 25*o**2 - 10*o + 3. Is n(z) prime?
False
Let v(b) = 856*b**2 + 28*b - 209. Is v(15) prime?
True
Let o(s) = 4*s - 29. Let z be o(8). Let q(n) = -133*n - 18. Let